 is the thousands digit of t?
4
Let o = 68 + -70. What is the units digit of ((-1)/o)/(37/5846)?
9
Let g = -385 - -42. Let m = g - -709. Suppose -m - 242 = -8*x. What is the units digit of x?
6
Let d(p) be the first derivative of p**4/4 - 4*p**3 - p**2/2 + 14*p + 9. Let o be d(12). Suppose 0 = -o*t + 140 + 20. What is the units digit of t?
0
Let r(v) = -59*v**3 + v**2 + v. Let q be r(-3). Suppose 0 = -z - b + 440, -5*z + 551 = -5*b - q. What is the hundreds digit of z?
4
Let x(t) = -t**3 + 6*t**2 + 6*t - 25. Let v be x(-6). Let m = 726 - v. What is the hundreds digit of m?
3
Suppose -9*f = -4*f - 4*o + 37, 0 = -f - 5*o - 19. What is the hundreds digit of (8 + f)/(1*(-1)/826)?
8
Let i = -2831 - -3347. Let o = -39 - -72. Suppose -5*j = 4*v - 601, v - i = -4*j - o. What is the hundreds digit of j?
1
Let b = -41 + 72. Suppose 5*z = -2*w + 20, -5*z + 2*z + b = 5*w. Suppose 551 = 2*c - k, -4*k - 829 = 2*c - w*c. What is the units digit of c?
5
Suppose 44*w - 273749 - 898815 = 639268. What is the units digit of w?
8
Let y(c) = c**2 + c + 103. Let p be (-90)/(-54)*108/2. Let b = p + -90. What is the units digit of y(b)?
3
Let p = -34 + 44. Suppose p*u = 1062 - 22. What is the units digit of u?
4
Let a = -1437 - -9735. What is the hundreds digit of a?
2
Suppose 0 = -3*t + 4*f + 32, 0*t + t + 1 = -f. Suppose -59 = -t*x - 55. What is the tens digit of x/(-4) + 8155/140?
5
Suppose -45*m = -21*m - 74664. What is the tens digit of m?
1
Let n = -11212 + 22202. What is the hundreds digit of n?
9
Let h = 14664 - 8229. What is the tens digit of h?
3
Suppose -3*o + 2*o + 2 = 0. Let r(c) = -2 + 54*c + c**o - 15 - 43*c - 2. What is the units digit of r(5)?
1
Suppose 5*m - 3*n - 28 = 0, 0*n - 23 = -5*m - 2*n. Suppose -4*t + 7*y - 5*y = -330, -4*t - m*y + 351 = 0. What is the tens digit of t?
8
Suppose 0 = -4*n - 35 + 23. Let k(x) = 12*x**2 + 8*x + 1. Let p(q) = -q**2 + q + 1. Let j(c) = k(c) - 6*p(c). What is the units digit of j(n)?
1
Let h be (4 + 8 + -15)/(2/(-388)). Suppose -h = 3*r - 2205. What is the hundreds digit of r?
5
Let t(q) = 4*q**3 - 7*q**2 + 24*q - 108. What is the hundreds digit of t(14)?
8
What is the hundreds digit of 81/243*((0 - -28438) + -1)?
4
Let d(l) = l**3 + l**2 - 71*l + 9. What is the units digit of d(10)?
9
Let w(r) = -2*r - 28. Let g = 12 + -24. Let z be w(g). Let h = 30 + z. What is the units digit of h?
6
Suppose -70 = 8*c + 2*c. Let w(o) = o**2 - 2*o + 20. Let p(t) = -2*t + 20. Let i(u) = -4*p(u) + 3*w(u). What is the tens digit of i(c)?
1
Let w = -267 - -824. Suppose 207 = 4*j - w. Let q = j + -79. What is the tens digit of q?
1
Let t(n) = 3*n**2 + 2*n**2 - 19 + 12*n + 1 - 4*n. What is the units digit of t(5)?
7
Suppose -3*i - 5*t + 3*t + 18 = 0, 5*i = 4*t + 52. Suppose 9*f = i*f. Suppose s + 2*w - 44 = f, -3*s + 6*s = 3*w + 159. What is the units digit of s?
0
Let u(v) = 379*v**2 + 24*v - 3. Let p be u(-4). Suppose 24*l - p - 3563 = 0. What is the units digit of l?
7
Suppose -2*z + 28 = 204. Let m(r) = 40*r - 33. Let g be m(-3). Let u = z - g. What is the tens digit of u?
6
Suppose -9*o = -14*o + 2290. Let m = o + -199. What is the hundreds digit of m?
2
Let g be (488/6)/((-6)/(-9)). Let s = 137 - g. What is the tens digit of s?
1
Suppose -3*t - 54 = -3*u, -4*u = -2*t - 83 + 13. Suppose 16*v = -3*f + u*v + 3540, 0 = -3*f - 5*v + 3558. What is the thousands digit of f?
1
What is the units digit of 245*(30/(-25) + 10) + 9?
5
Let b = 1512 - -3850. Suppose 23*n - 6322 - b = 0. What is the units digit of n?
8
Let b = -222 - -273. Suppose -54 = -3*h + b. What is the tens digit of h?
3
Suppose -15*g + 72941 - 5906 = 0. What is the hundreds digit of g?
4
Suppose 277064 = 8*x - 239720. What is the ten thousands digit of x?
6
Suppose -65 - 57 = -2*n. Suppose -n = 8*s - 301. Suppose s*c = 28*c + 210. What is the hundreds digit of c?
1
Suppose 99*y + 1370304 = 221*y. What is the ten thousands digit of y?
1
What is the tens digit of 3/(((-3591)/37242)/(-19)) + 2/(-14)?
9
Suppose -16*r + 270 = -15*r. Suppose -12*s + 9*s = -r. What is the units digit of 7/14 + s/4?
3
Suppose 2*o = 4*m + 21668, 5*o - 5*m = -6960 + 61150. What is the units digit of o?
2
Suppose 2 = r - 4*r - 4*y, -4*r + 39 = -3*y. Suppose -2*p - r = -264. Let q = -45 + p. What is the units digit of q?
4
Let n be -2 - -4*(-5)/(-10). Suppose n = -3*l - 2*a + 832 - 193, -2*l - 2*a = -426. Suppose -2*u = -5*z - l, 5*u = -z + 279 + 240. What is the units digit of u?
4
Suppose -p + 23*p - 72867 = 133317. What is the thousands digit of p?
9
Suppose -31596 = -5*c + 4*z + 30305, -24 = -4*z. What is the units digit of c?
5
Let m(q) = q**2 - 182*q - 133. What is the units digit of m(-54)?
1
Suppose 3*k + m = 48259, -12*m + 11*m - 128687 = -8*k. What is the hundreds digit of k?
0
Suppose -5*k + 50*d - 45*d + 1155 = 0, -2*d = k - 237. Let n(w) = -w**2 + 6*w + 4. Let f be n(4). Let u = k - f. What is the tens digit of u?
2
Let s = 6039 + 8607. What is the ten thousands digit of s?
1
Let z(v) = 8*v**3 - 52*v**2 + 8*v - 807. What is the units digit of z(23)?
5
Suppose 2*h - 3*q - 118074 = -27362, 0 = -4*h - 5*q + 181424. What is the units digit of h?
6
Let m(i) = 3*i**2 - 5*i - 62. Let b(k) = 2*k**2. Let w(d) = 2*b(d) - m(d). What is the tens digit of w(-31)?
6
Let l be 752/1 - (1 + -2 - 2). Let b = l + -341. What is the hundreds digit of b?
4
What is the units digit of 3 + 1 + 2 + 20955 + -8?
3
Let t(f) = 4*f + 34. Let a be 8 + -9 + 3 - (1 - 24). Suppose -a*s + 22*s = -54. What is the units digit of t(s)?
6
Let n be 334/26 + 8/52. Suppose -n*h + 17*h - 1609 = -3*w, -2*h + 837 = -5*w. What is the units digit of h?
6
Suppose -30*z + 4968 = -20052. What is the units digit of z?
4
Suppose -10798 = -2*n + 3*i + 3127, -2*i + 6 = 0. Suppose 2108 = 15*l - n. What is the units digit of l?
5
Let r(h) be the second derivative of 17*h**5/20 - h**3/3 + h**2/2 + 9*h. Let q be r(1). Suppose 2*k + q = 4*k. What is the units digit of k?
8
Let x(v) = -142*v**2 + 1. Let s be x(-1). Let h = 1844 - 2079. Let f = s - h. What is the units digit of f?
4
Let p(f) = 7*f**3 - 6*f**2 + 7*f - 8. Let l = -305 - -309. What is the tens digit of p(l)?
7
Suppose 0*u - 4620 = 2*u. What is the tens digit of (0 + 1)*u/(-5)?
6
Suppose -10773*f + 1408356 = -10735*f. What is the units digit of f?
2
Let k(h) = h**3 - 8*h**2 - 31*h - 20. Let m be k(11). Suppose m*y = -a + 1429, -2142 = 6*y - 9*y - a. What is the tens digit of y?
1
Let f(a) = -5*a**2 - 5*a - 9 + a + 3*a. Let u be f(4). Let n = u + 195. What is the units digit of n?
2
Suppose -6342 = 7*z - 18830. Suppose 2*c - z = -3*f, 3*c = -3*f + 303 + 1479. What is the units digit of f?
6
Let c(r) = -r**3 + 6*r**2 - 6*r + 6. Let a be c(5). Let p(s) = 6*s + 28*s**2 + 2*s - 7*s + 0 - a. What is the tens digit of p(2)?
1
Suppose 0 = 9*v - 5 - 13. Suppose -x = 0, -v*g = 5*x - 2*x - 10. Suppose g*d - 2*d = -3, -3*o + d = -574. What is the hundreds digit of o?
1
Let c = 270 + -277. What is the hundreds digit of (-23)/(((-28)/(-220))/c)?
2
Let c be -2*3/(-2) + 4*1. Let j(d) = -d**3 + 8*d**2 - 6*d + 6. Let u be j(c). Suppose 5*r - 83 = -u. What is the units digit of r?
4
Let u(c) be the third derivative of 53*c**4/24 - 241*c**3/6 + 7*c**2 - 6. What is the units digit of u(6)?
7
Suppose -167*g + 992326 = -806598. What is the units digit of g?
2
Let a be 1 - -26*((-35)/10)/7. What is the hundreds digit of (-12610)/(-30) + (-8)/a?
4
Suppose 0 = -2*d - 8, -3*w = 2*d + 48 - 127. What is the tens digit of w?
2
Let l = 58 + -106. Let b = l + 54. Suppose j - 3*w - 238 = -b*w, 3*w = -3. What is the tens digit of j?
4
Let r(h) = 89*h**2 + 11*h - 51. Let o be r(4). Let z = o - 808. What is the hundreds digit of z?
6
Suppose -5*u + 224 = -771. Suppose 0*m = -3*m + 5*a - 125, a = -5*m - u. What is the units digit of (30 - 2)/((-16)/m)?
0
Let b(n) = n**3 - 6*n**2 - 28*n - 14. Let d be b(7). Let c = d - -548. What is the units digit of c?
7
Suppose 5*p - 2*a - 31 = 0, 2*p - 6 = 65*a - 61*a. What is the units digit of (-5 - 962/(-8))*(p + -3)?
1
Let j = -275 + 288. Suppose j*d = 33 + 188. What is the units digit of d?
7
Suppose 3*v = k - 67584, 337869 = 17*k - 12*k + 2*v. What is the hundreds digit of k/60 + 25/(-20)?
1
Let h be -5 - (-3 - (0 - 0)). Let c be (-64)/(-2) + (-49)/7. Let z = c - h. What is 